{"id":2056,"date":"2023-12-04T10:24:48","date_gmt":"2023-12-04T10:24:48","guid":{"rendered":"https:\/\/nisaikw.com\/?post_type=product&#038;p=2056"},"modified":"2023-12-04T10:26:50","modified_gmt":"2023-12-04T10:26:50","slug":"ready-to-use-pouring-paint-set-pouring-experiences","status":"publish","type":"product","link":"https:\/\/nisaikw.com\/?product=ready-to-use-pouring-paint-set-pouring-experiences","title":{"rendered":"READY-TO-USE POURING PAINT SET &#8211; POURING EXPERIENCES"},"content":{"rendered":"<h4 class=\"mt-4 font-bold text-xl\">Product description<\/h4>\n<div class=\"mt-2 max-w-4xl\">Discover Pouring Exp\u00e9riences by P\u00e9b\u00e9o, an acrylic paint pre-mixed with a smoothing medium, specially designed for artistic pouring. Ready to use, this paint gives you a fluid and brilliant experience for creating captivating works of art.Thanks to its low viscosity, Pouring Exp\u00e9riences flows easily onto your surface, allowing for smooth, harmonious pours. Whether you&#8217;re a beginner or an experienced artist, this paint will win you over with its ease of use.The Pouring Exp\u00e9riences formula ensures rapid drying in just 24 hours. This also gives you the option of superimposing coats or overcoating after a short period of time.Using Pouring Exp\u00e9riences, you can create fascinating effects such as cells, fluid pours and striking colour mixes. The results are brilliantly brilliant.Whether you want to create canvases, decorative objects or mixed media pieces, Pouring Exp\u00e9riences by P\u00e9b\u00e9o is the ideal tool for expressing your creativity. Let yourself be carried away by the flow of this pre-mixed acrylic paint and create unique and dynamic works.<\/div>\n<div class=\"mt-2 max-w-4xl\">\n<p>Equipment kit for adult amateurs to explore the technique in an accessible way: selection of 6 essential colors of acrylic pouring ready to use in 118 ml (colors white, red, blue, turquoise, black, gold).<\/p>\n<\/div>\n<h4 class=\"mt-4 mb-2 font-bold text-xl\">Properties\u0637\u0642\u0645 750.1\u0637\u0642\u0645 750.1\u0637\u0642\u0645 750.1\u0637\u0642\u0645 750.1\u0637\u0642\u0645 750.1\u0637\u0642\u0645 750.1\u0637\u0642\u0645 750.1\u0637\u0642\u0645 750.1\u0637\u0642\u0645 750.1\u0637\u0642\u0645 750.1\u0637\u0642\u0645 750.1\u0637\u0642\u0645 750.1\u0637\u0642\u0645 750.1v<\/h4>\n","protected":false},"excerpt":{"rendered":"<p>Product description Discover Pouring Exp\u00e9riences by P\u00e9b\u00e9o, an acrylic paint pre-mixed with a smoothing medium, specially designed for artistic pouring. Ready to use, this paint gives you a fluid and brilliant experience for creating captivating works of art.Thanks to its low viscosity, Pouring Exp\u00e9riences flows easily onto your surface, allowing for smooth, harmonious pours. Whether &hellip;<\/p>\n<p class=\"read-more\"> <a class=\" thunk-readmore button \" href=\"https:\/\/nisaikw.com\/?product=ready-to-use-pouring-paint-set-pouring-experiences\"> <span class=\"screen-reader-text\">READY-TO-USE POURING PAINT SET &#8211; POURING EXPERIENCES<\/span>Read More<\/a><\/p>\n","protected":false},"featured_media":2058,"comment_status":"open","ping_status":"closed","template":"","meta":[],"product_cat":[80],"product_tag":[],"_links":{"self":[{"href":"https:\/\/nisaikw.com\/index.php?rest_route=\/wp\/v2\/product\/2056"}],"collection":[{"href":"https:\/\/nisaikw.com\/index.php?rest_route=\/wp\/v2\/product"}],"about":[{"href":"https:\/\/nisaikw.com\/index.php?rest_route=\/wp\/v2\/types\/product"}],"replies":[{"embeddable":true,"href":"https:\/\/nisaikw.com\/index.php?rest_route=%2Fwp%2Fv2%2Fcomments&post=2056"}],"wp:featuredmedia":[{"embeddable":true,"href":"https:\/\/nisaikw.com\/index.php?rest_route=\/wp\/v2\/media\/2058"}],"wp:attachment":[{"href":"https:\/\/nisaikw.com\/index.php?rest_route=%2Fwp%2Fv2%2Fmedia&parent=2056"}],"wp:term":[{"taxonomy":"product_cat","embeddable":true,"href":"https:\/\/nisaikw.com\/index.php?rest_route=%2Fwp%2Fv2%2Fproduct_cat&post=2056"},{"taxonomy":"product_tag","embeddable":true,"href":"https:\/\/nisaikw.com\/index.php?rest_route=%2Fwp%2Fv2%2Fproduct_tag&post=2056"}],"curies":[{"name":"wp","href":"https:\/\/api.w.org\/{rel}","templated":true}]}}